b + 4*j + 10, 4*b + j + 115 = 0. Let t = 8 - b. Calculate the remainder when t is divided by 25.
13
Let f = -2 - 0. Let m be f/(-3) - 73/(-3). Suppose 0 = 3*z - m + 7. Calculate the remainder when z is divided by 3.
0
Suppose -2530 = -61*h + 6*h. What is the remainder when 378 is divided by h?
10
Suppose 84*a = 79*a - 130. Let f = a - -42. Suppose 2*n - 6 = -2*c, -5*n + 6 = 2*c - 9. What is the remainder when f is divided by n?
1
What is the remainder when 119 + (-1)/(-1) + 1 is divided by 246/(-8)*(-136)/102?
39
Suppose -15*t - 1683 + 17463 = 0. What is the remainder when t is divided by 31?
29
Let p(c) = -c**3 + 7*c**2 - c - 4. Suppose -3*o + 95 = -5*o - l, -l = -3*o - 155. Let s = -36 - o. What is the remainder when p(6) is divided by s?
12
Let c = 82 + 42. Let w = 218 - c. Calculate the remainder when w is divided by 24.
22
Let v(u) = u**2 + 14*u - 11. Let x be v(-18). Suppose l = 4*b - b + x, 4*l - 222 = b. What is the remainder when l is divided by 14?
13
Suppose -3*v = -12*v + 27. What is the remainder when 21 is divided by v?
0
Suppose -l - 10 = -15. Let s(x) = -x**3 + 3*x**2 + 12*x + 3. What is the remainder when 49 is divided by s(l)?
10
Suppose 0 = -4*s - 2*k - 494, -4*s - 503 = -2*k + k. Let y = 188 + s. Suppose 2*v - v = 22. Calculate the remainder when y is divided by v.
19
Suppose 0 = 24*u - 23*u - 20. Suppose -6 = -i + u. What is the remainder when 155 is divided by i?
25
Suppose 2*b + 22*q - 17*q = 378, -b + 2*q = -171. What is the remainder when b is divided by 30?
29
Let j(y) = y**2 + 18*y + 26. Calculate the remainder when j(-21) is divided by -2 + (-5)/(-1) + 12.
14
Let j = 69 + 209. Let s be 3 - -1*(j - 0). Suppose -6*d + 61 = -s. Calculate the remainder when d is divided by 15.
12
Let k(u) = 16*u**2 + 3*u. Calculate the remainder when k(-2) is divided by 0 - ((-11 - 1) + -3).
13
Suppose -2*r - 108 = -3*g + 13, -3*r = -2*g + 84. Let i = -34 + g. What is the remainder when 31 is divided by i?
1
Suppose b - 91 = -18. What is the remainder when b is divided by 6?
1
Let s = 209 + -203. What is the remainder when 19 is divided by s?
1
Suppose 7 + 5 = -3*h, 0 = -5*m - 2*h + 407. Let n = m + -40. Calculate the remainder when n is divided by 15.
13
Suppose 0 = -4*u + 2*l + 54, 5*u - 52 = 3*l + 18. Suppose -2*f = -5*t - 21 - u, -6 = -3*t. Calculate the remainder when 2/(-9) - 353/(-9) is divided by f.
18
Let s be 5*-1*7/(-2)*2. Let i = -24 + s. Calculate the remainder when 54 is divided by i.
10
Suppose -5*r + 0*o = -4*o - 357, -4*o - 284 = -4*r. Suppose 4*m - a = r - 17, 3*a = 12. Calculate the remainder when m is divided by ((-6)/7)/(4/(-42)).
6
Let k be (2 - 2)*2*5/(-20). Suppose -c = -2*w - 18, 2*c = -k*c + w + 39. What is the remainder when 59 is divided by c?
19
Let m(d) = -d + 23. Suppose 0 = 2*n - n - 40. Suppose -3*y + 8*y = n. What is the remainder when m(-6) is divided by y?
5
Suppose 4*o = 9*o - 20. What is the remainder when 87 is divided by 3 - (-17 - (2 - o))?
15
Suppose 5*p + 22 = 3*a - 4*a, -2*a + 4*p + 12 = 0. Calculate the remainder when 32 is divided by 16 - (7 - (-6)/a).
8
Let s(i) be the third derivative of -i**6/120 + i**5/12 + i**4/4 - i**3 + 5*i**2. Calculate the remainder when 2/(-11) + (-1058)/(-11) + 3 is divided by s(4).
31
What is the remainder when 448 is divided by 5 - (3045/(-231) + 4/22)?
16
Suppose 98 = 4*d + z, z + 2*z = 3*d - 81. Let n(f) = -f**3 + 19*f**2 + 5*f + 27. What is the remainder when n(19) is divided by d?
22
Suppose 0*o = 6*o - 318. Calculate the remainder when o is divided by 3*1 - (-2 - 13).
17
Suppose -283 = -2*j - 15. Suppose j = 4*w - 3*a, 2*w - 14 = 5*a + 60. Calculate the remainder when w is divided by 17.
15
Let m(b) = b**3 - 8*b**2 + b + 5. Let z be 8/(-6)*3 + -29. Let o = z - -38. What is the remainder when m(8) is divided by o?
3
Suppose -x - 21 = -4*j, -j = -x - 3*x - 24. Let h = 33 + -28. Suppose z + 3*d + h = 2, j*d = 2*z - 44. What is the remainder when 47 is divided by z?
11
Let o = 707 - 646. Calculate the remainder when 66 is divided by o.
5
Let p(w) = 40*w**2 - 4*w + 4. What is the remainder when p(2) is divided by 71?
14
Suppose -s = 4*p - 5*p, 2*p + 5 = 3*s. Let a = 934 - 901. Calculate the remainder when a is divided by p.
3
Let y = -85 - -90. Suppose -u + 14 = n + y, -3*n - u + 27 = 0. Calculate the remainder when 25 is divided by n.
7
Let w be 23/1 - (-15)/(-5). Let k = w + -17. Let m = -1 + 4. What is the remainder when k is divided by m?
0
Suppose 32 = 11*o - 12. Suppose 5*l - 3*f - 72 = 0, 6*f - 3*f + 57 = o*l. What is the remainder when 117 is divided by l?
12
Suppose 4*l - 11 = -3*x + 6*x, 2*l = 2*x + 6. Let d(z) = -1 - z - 1 + z**2 + 2*z. What is the remainder when 13 is divided by d(l)?
1
Let j = 29 - 17. Let g(q) = 2*q**3 + 16*q**2 - 24*q - 33. What is the remainder when g(-9) is divided by j?
9
Suppose -3*v + 97 = -2*u, 123 = 5*v + 4*u - 46. Suppose q - y - 4*y = 126, 3*q - 378 = 4*y. Calculate the remainder when q is divided by v.
27
Let h = -4157 - -4172. Let i = 484 - 322. Calculate the remainder when i is divided by h.
12
Let n = 280 + -236. What is the remainder when 194 is divided by n?
18
Let f = 497 - 443. What is the remainder when f is divided by 19?
16
Let q = -6 - 4. What is the remainder when 36 is divided by -2*(2 + -1) - q?
4
Let j = -149 - -176. What is the remainder when j is divided by 4?
3
Suppose 276 = -8*o + 10*o. Suppose -4*a - 2*a = -o. Calculate the remainder when 64 is divided by a.
18
Let w = -11 + 26. What is the remainder when w is divided by 12/5*(-260)/(-156)?
3
Suppose 3*s + 5*w = -s + 55, 2*w - 46 = -4*s. Let h be 2/s - (-110)/(-50). Calculate the remainder when (36 - (-8 - -4)) + h is divided by 13.
12
Let l(u) = -1016*u - 6093. Suppose 18 = 2*s - 2. Suppose -2*z - s = 0, 11 = g + 5*z + 30. What is the remainder when g is divided by l(-6)?
0
Suppose r + 1 = 4*z, -2*r + 4*z + 56 = 2*r. Calculate the remainder when 45 is divided by r.
7
Suppose 4*y - 7*y - z = -217, -4*y - 2*z + 292 = 0. Let d = -8 + 20. Calculate the remainder when y is divided by d.
11
Let a(x) = x**3 - 2*x**2 - 16*x + 11. Calculate the remainder when 52 is divided by a(5).
4
Let m(z) = -17*z + 1. Let q = 6 - 3. Let i be m(q). Let k = 70 + i. Calculate the remainder when k is divided by 11.
9
Let x(n) = -n**3 - 4*n**2 + 5*n - 1. Let m be x(-5). Let t(y) = -y**3 - 4*y**2 - 3*y + 1. What is the remainder when -1 + (40 - m - 2) is divided by t(-4)?
12
Let z = -167 + 250. Let q be (0 - (-1)/2)/((-4)/(-472)). Let x = q + -38. Calculate the remainder when z is divided by x.
20
Suppose -2*w - 4*d = -114, 0 = -3*w + 2*d - 0*d + 139. Suppose 84*t - 78*t - 1158 = 0. What is the remainder when t is divided by w?
46
Let r(x) = x**2 + 3*x + 4. Let h(d) = d + 9. Let s be h(-11). Calculate the remainder when 2 is divided by r(s).
0
Suppose -9*f + 1189 + 602 = 0. Calculate the remainder when f is divided by 34.
29
Suppose 11*v + 98 = 1429. Suppose 2*k - 48 = -3*h + 43, 58 = 2*h + 4*k. Calculate the remainder when v is divided by h.
28
Suppose -10*a + 7*a - 36 = -2*y, -5*a = 5*y - 115. Let o(r) = 8*r - 26. What is the remainder when o(8) is divided by y?
17
Let k = 2674 - 2661. Calculate the remainder when 620 is divided by k.
9
Suppose 2*a + 5*i = -3, -2*a - 3*a = -4*i - 75. Suppose 3*h - a = -5. Calculate the remainder when h - (-3 - -32)*-1 is divided by 8.
7
Suppose -w = -3*w + 4. Let z(d) = d**3 + 15*d**2 + 13*d + 46. Let o be z(-14). Suppose -w*r + o = r. Calculate the remainder when 58 is divided by r.
18
What is the remainder when -142*((-10)/35 - 404/56) is divided by 12?
9
Suppose -14 = -5*u - 4, 5*j - 300 = -5*u. Calculate the remainder when 229 is divided by j.
55
Let l = -1241 - -1318. Calculate the remainder when 216 is divided by l.
62
Suppose -4*z + 24 = -2*u, -2*u - 20 = -4*z + 2*u. Suppose 0 = -g + 23 - z. What is the remainder when 30 is divided by g?
14
Let m(s) = 2*s**2 - 38*s + 260. Calculate the remainder when 113 is divided by m(8).
29
Let u(v) = 39*v**2 + 20*v - 150. What is the remainder when u(6) is divided by 51?
48
Suppose 0 = 12*d - 15708 + 15360. Suppose 0 = y - 5*l + 9, y - l - 23 = -4*l. What is the remainder when d is divided by y?
7
Let d(k) = -k**3 + 15*k**2 - 29*k - 10. What is the remainder when d(7) is divided by 15?
14
Let 